{"id":28,"date":"2026-03-11T09:03:17","date_gmt":"2026-03-11T09:03:17","guid":{"rendered":"http:\/\/jirpoxa.space\/?page_id=28"},"modified":"2026-03-11T09:03:26","modified_gmt":"2026-03-11T09:03:26","slug":"kontakt%d0%ba%d0%be%d0%bd%d1%82%d0%b0%d0%ba%d1%82%d1%8b","status":"publish","type":"page","link":"https:\/\/jirpoxa.space\/?page_id=28","title":{"rendered":"Kontakt"},"content":{"rendered":"\n<p>Kontakt zu Ihrem Ratgeber in Wetzlar<br>Es freut mich sehr, dass Sie sich f\u00fcr eine nachhaltige Energiel\u00f6sung in unserer sch\u00f6nen Stadt interessieren. Wenn Sie Fragen zu den Inhalten meiner Artikel haben oder eine erste Einsch\u00e4tzung f\u00fcr Ihr eigenes Hausdach ben\u00f6tigen, z\u00f6gern Sie bitte nicht, mich zu kontaktieren. In meinem Berufsleben als Ingenieur habe ich gelernt, dass ein kurzes Gespr\u00e4ch oft mehr Klarheit schafft als stundenlanges Gr\u00fcbeln \u00fcber technischen Tabellen.<\/p>\n\n\n\n<p>Unser kleines B\u00fcro befindet sich direkt hier in der Region, da mir der lokale Bezug und die N\u00e4he zu den Projekten in Mittelhessen sehr am Herzen liegen. Falls Sie uns postalisch erreichen m\u00f6chten oder Unterlagen f\u00fcr eine Bewertung einreichen wollen, nutzen Sie bitte die folgende Anschrift.<\/p>\n\n\n\n<p>Postanschrift f\u00fcr Wetzlar<\/p>\n\n\n\n<p>Fr\u00f6belstra\u00dfe 8, Wetzlar<br>35576<\/p>\n\n\n\n<p>Nat\u00fcrlich bin ich auch auf dem digitalen Weg oder ganz klassisch \u00fcber das Telefon f\u00fcr Sie erreichbar. Ich versuche alle Anfragen so zeitnah wie m\u00f6glich zu bearbeiten, sofern ich nicht gerade selbst bei einer Besichtigung vor Ort unterwegs bin.<\/p>\n\n\n\n<p>Direkte Kontaktwege<\/p>\n\n\n\n<p>Telefon: +49644132767<br>E-Mail: mail@jirpoxa.space<\/p>\n\n\n\n<p>Bitte haben Sie Verst\u00e4ndnis daf\u00fcr, dass ich als Berater oft im Au\u00dfeneinsatz bin. Sollte ich einmal nicht pers\u00f6nlich erreichbar sein, hinterlassen Sie mir bitte eine Nachricht oder nutzen Sie die R\u00fcckruffunktion \u00fcber das Formular auf meinen anderen Beitragsseiten. Einer der Fachpartner aus meinem regionalen Netzwerk wird sich dann umgehend bei Ihnen melden, um Ihr Anliegen im Detail zu besprechen.<\/p>\n\n\n\n<p>Ich freue mich darauf, von Ihnen zu h\u00f6ren und Sie bei Ihrem Schritt in die energetische Unabh\u00e4ngigkeit zu unterst\u00fctzen.<\/p>\n\n\n\n<p>Herzliche Gr\u00fc\u00dfe aus Wetzlar<\/p>\n\n\n\n<p>Ihr J\u00fcrgen Weber<\/p>\n","protected":false},"excerpt":{"rendered":"<p>Kontakt zu Ihrem Ratgeber in WetzlarEs freut mich sehr, dass Sie sich f\u00fcr eine nachhaltige Energiel\u00f6sung in unserer sch\u00f6nen Stadt interessieren. Wenn Sie Fragen zu den Inhalten meiner Artikel haben oder eine erste Einsch\u00e4tzung f\u00fcr Ihr eigenes Hausdach ben\u00f6tigen, z\u00f6gern Sie bitte nicht, mich zu kontaktieren. In meinem Berufsleben als Ingenieur habe ich gelernt, dass [&hellip;]<\/p>\n","protected":false},"author":1,"featured_media":0,"parent":0,"menu_order":5,"comment_status":"closed","ping_status":"closed","template":"","meta":{"footnotes":""},"class_list":["post-28","page","type-page","status-publish","hentry"],"_links":{"self":[{"href":"https:\/\/jirpoxa.space\/index.php?rest_route=\/wp\/v2\/pages\/28","targetHints":{"allow":["GET"]}}],"collection":[{"href":"https:\/\/jirpoxa.space\/index.php?rest_route=\/wp\/v2\/pages"}],"about":[{"href":"https:\/\/jirpoxa.space\/index.php?rest_route=\/wp\/v2\/types\/page"}],"author":[{"embeddable":true,"href":"https:\/\/jirpoxa.space\/index.php?rest_route=\/wp\/v2\/users\/1"}],"replies":[{"embeddable":true,"href":"https:\/\/jirpoxa.space\/index.php?rest_route=%2Fwp%2Fv2%2Fcomments&post=28"}],"version-history":[{"count":2,"href":"https:\/\/jirpoxa.space\/index.php?rest_route=\/wp\/v2\/pages\/28\/revisions"}],"predecessor-version":[{"id":30,"href":"https:\/\/jirpoxa.space\/index.php?rest_route=\/wp\/v2\/pages\/28\/revisions\/30"}],"wp:attachment":[{"href":"https:\/\/jirpoxa.space\/index.php?rest_route=%2Fwp%2Fv2%2Fmedia&parent=28"}],"curies":[{"name":"wp","href":"https:\/\/api.w.org\/{rel}","templated":true}]}}